{"id":35,"date":"2019-05-21T10:41:29","date_gmt":"2019-05-21T07:41:29","guid":{"rendered":"http:\/\/prfarge.com.tr\/?page_id=35"},"modified":"2019-05-21T14:35:48","modified_gmt":"2019-05-21T11:35:48","slug":"haberler","status":"publish","type":"page","link":"https:\/\/www.prfarge.com.tr\/tr\/haberler\/","title":{"rendered":"Haberler"},"content":{"rendered":"\r\n\t\t<div class=\"sp_wpspwpost_static wpspw-design-1 wpspw-grid-3 wpspw-clearfix \">\r\n\r\n\t\t\t\r\n<div class=\"wpspw-post-grid wpspw-medium-4 wpspw-columns first\">\r\n\t<div class=\"wpspw-post-grid-content  \">\r\n\r\n\t\t\t\t\t<div class=\"wpspw-post-image-bg\">\r\n\t\t\t\t<a href=\"https:\/\/www.prfarge.com.tr\/tr\/uav-eye-kullanima-cikti\/\">\r\n\t\t\t\t\t<img decoding=\"async\" src=\"https:\/\/www.prfarge.com.tr\/tr\/wp-content\/uploads\/2019\/05\/logoy.png\" alt=\"UAV EYE kullan\u0131ma \u00e7\u0131kt\u0131 &#8230;\" \/>\r\n\t\t\t\t<\/a>\r\n\t\t\t<\/div>\r\n\t\t\t\t\t<div class=\"wpspw-post-categories\"><a href=\"https:\/\/www.prfarge.com.tr\/tr\/category\/haberler\/\">Haberler<\/a><\/div>\r\n\t\t\r\n\t\t<h2 class=\"wpspw-post-title\">\r\n\t\t\t<a href=\"https:\/\/www.prfarge.com.tr\/tr\/uav-eye-kullanima-cikti\/\">UAV EYE kullan\u0131ma \u00e7\u0131kt\u0131 &#8230;<\/a>\r\n\t\t<\/h2>\r\n\r\n\t\t\t\t\t<div class=\"wpspw-post-date\">\r\n\t\t\t\t30 May\u0131s 2019\t\t\t<\/div>\r\n\t\t\t\t\t<div class=\"wpspw-post-content\">\r\n\t\t\t\t\t\t\t\t\t<div>\r\n\t\t\t\t\t\tUAV EYE tasar\u0131m\u0131 tamamland\u0131 ve A\u00e7\u0131k alan \u00e7al\u0131\u015fmalar\u0131 ba\u015flad\u0131... Yak\u0131n zamanda yeni foto\u011fraf ve \u00f6l\u00e7\u00fcm sonu\u00e7lar\u0131 ile g\u00f6r\u00fcc\u00fcye \u00e7\u0131kacak.\t\t\t\t\t<\/div>\r\n\t\t\t\t\t<a class=\"wpspw-readmorebtn\" href=\"https:\/\/www.prfarge.com.tr\/tr\/uav-eye-kullanima-cikti\/\">Read More<\/a>\r\n\t\t\t\t\t\t\t<\/div>\r\n\t\t\t<\/div>\r\n<\/div>\r\n<div class=\"wpspw-post-grid wpspw-medium-4 wpspw-columns \">\r\n\t<div class=\"wpspw-post-grid-content  \">\r\n\r\n\t\t\t\t\t<div class=\"wpspw-post-image-bg\">\r\n\t\t\t\t<a href=\"https:\/\/www.prfarge.com.tr\/tr\/ursi-turkiye-2018\/\">\r\n\t\t\t\t\t<img decoding=\"async\" src=\"https:\/\/www.prfarge.com.tr\/tr\/wp-content\/uploads\/2019\/05\/IMG-20181126-WA0017.jpg\" alt=\"URSI-T\u00fcrkiye 2018\" \/>\r\n\t\t\t\t<\/a>\r\n\t\t\t<\/div>\r\n\t\t\t\t\t<div class=\"wpspw-post-categories\"><a href=\"https:\/\/www.prfarge.com.tr\/tr\/category\/haberler\/\">Haberler<\/a><\/div>\r\n\t\t\r\n\t\t<h2 class=\"wpspw-post-title\">\r\n\t\t\t<a href=\"https:\/\/www.prfarge.com.tr\/tr\/ursi-turkiye-2018\/\">URSI-T\u00fcrkiye 2018<\/a>\r\n\t\t<\/h2>\r\n\r\n\t\t\t\t\t<div class=\"wpspw-post-date\">\r\n\t\t\t\t21 May\u0131s 2019\t\t\t<\/div>\r\n\t\t\t\t\t<div class=\"wpspw-post-content\">\r\n\t\t\t\t\t\t\t\t\t<div>\r\n\t\t\t\t\t\tTarih: 6-8 Eyl\u00fcl 2018 KONGRE ADI: IX. URSI-T\u00dcRK\u0130YE 2018 B\u0130L\u0130MSEL KONGRES\u0130 ULUSAL GENEL KURUL TOPLANTISI SUNUM \u0130S\u0130MLER\u0130: FMCX RADAR TEKN\u0130\u011e\u0130...\t\t\t\t\t<\/div>\r\n\t\t\t\t\t<a class=\"wpspw-readmorebtn\" href=\"https:\/\/www.prfarge.com.tr\/tr\/ursi-turkiye-2018\/\">Read More<\/a>\r\n\t\t\t\t\t\t\t<\/div>\r\n\t\t\t<\/div>\r\n<\/div>\r\n<div class=\"wpspw-post-grid wpspw-medium-4 wpspw-columns \">\r\n\t<div class=\"wpspw-post-grid-content  \">\r\n\r\n\t\t\t\t\t<div class=\"wpspw-post-image-bg\">\r\n\t\t\t\t<a href=\"https:\/\/www.prfarge.com.tr\/tr\/18-akdeniz-mikrodalga-sempozyumu\/\">\r\n\t\t\t\t\t<img decoding=\"async\" src=\"https:\/\/www.prfarge.com.tr\/tr\/wp-content\/uploads\/2019\/05\/PHOTO-2018-10-31-17-05-16.jpg\" alt=\"18. Akdeniz Mikrodalga Sempozyumu\" \/>\r\n\t\t\t\t<\/a>\r\n\t\t\t<\/div>\r\n\t\t\t\t\t<div class=\"wpspw-post-categories\"><a href=\"https:\/\/www.prfarge.com.tr\/tr\/category\/haberler\/\">Haberler<\/a><\/div>\r\n\t\t\r\n\t\t<h2 class=\"wpspw-post-title\">\r\n\t\t\t<a href=\"https:\/\/www.prfarge.com.tr\/tr\/18-akdeniz-mikrodalga-sempozyumu\/\">18. Akdeniz Mikrodalga Sempozyumu<\/a>\r\n\t\t<\/h2>\r\n\r\n\t\t\t\t\t<div class=\"wpspw-post-date\">\r\n\t\t\t\t21 May\u0131s 2019\t\t\t<\/div>\r\n\t\t\t\t\t<div class=\"wpspw-post-content\">\r\n\t\t\t\t\t\t\t\t\t<div>\r\n\t\t\t\t\t\tTarihi: 31.10.2018 Konferans ad\u0131: The 18th Mediterranean Microwave Symposium Konferans ad\u0131 t\u00fcrk\u00e7esi: 18. Akdeniz Mikrodalga Sempozyumu Sunumun ad\u0131: DESIGN AND...\t\t\t\t\t<\/div>\r\n\t\t\t\t\t<a class=\"wpspw-readmorebtn\" href=\"https:\/\/www.prfarge.com.tr\/tr\/18-akdeniz-mikrodalga-sempozyumu\/\">Read More<\/a>\r\n\t\t\t\t\t\t\t<\/div>\r\n\t\t\t<\/div>\r\n<\/div>\r\n\t\t\t\t\t<\/div>\r\n\r\n\t\n","protected":false},"excerpt":{"rendered":"","protected":false},"author":1,"featured_media":0,"parent":0,"menu_order":0,"comment_status":"closed","ping_status":"closed","template":"","meta":{"footnotes":""},"class_list":["post-35","page","type-page","status-publish","hentry"],"_links":{"self":[{"href":"https:\/\/www.prfarge.com.tr\/tr\/wp-json\/wp\/v2\/pages\/35"}],"collection":[{"href":"https:\/\/www.prfarge.com.tr\/tr\/wp-json\/wp\/v2\/pages"}],"about":[{"href":"https:\/\/www.prfarge.com.tr\/tr\/wp-json\/wp\/v2\/types\/page"}],"author":[{"embeddable":true,"href":"https:\/\/www.prfarge.com.tr\/tr\/wp-json\/wp\/v2\/users\/1"}],"replies":[{"embeddable":true,"href":"https:\/\/www.prfarge.com.tr\/tr\/wp-json\/wp\/v2\/comments?post=35"}],"version-history":[{"count":4,"href":"https:\/\/www.prfarge.com.tr\/tr\/wp-json\/wp\/v2\/pages\/35\/revisions"}],"predecessor-version":[{"id":70,"href":"https:\/\/www.prfarge.com.tr\/tr\/wp-json\/wp\/v2\/pages\/35\/revisions\/70"}],"wp:attachment":[{"href":"https:\/\/www.prfarge.com.tr\/tr\/wp-json\/wp\/v2\/media?parent=35"}],"curies":[{"name":"wp","href":"https:\/\/api.w.org\/{rel}","templated":true}]}}

<div class="sp_wpspwpost_static wpspw-design-1 wpspw-grid-3 wpspw-clearfix ">

			
<div class="wpspw-post-grid wpspw-medium-4 wpspw-columns first">
	<div class="wpspw-post-grid-content  ">

					<div class="wpspw-post-image-bg">
				<a href="https://www.prfarge.com.tr/tr/uav-eye-kullanima-cikti/">
					<img decoding="async" src="https://www.prfarge.com.tr/tr/wp-content/uploads/2019/05/logoy.png" alt="UAV EYE kullanıma çıktı &#8230;" />
				</a>
			</div>
					<div class="wpspw-post-categories"><a href="https://www.prfarge.com.tr/tr/category/haberler/">Haberler</a></div>
		
		<h2 class="wpspw-post-title">
			<a href="https://www.prfarge.com.tr/tr/uav-eye-kullanima-cikti/">UAV EYE kullanıma çıktı &#8230;</a>
		</h2>

					<div class="wpspw-post-date">
				30 Mayıs 2019			</div>
					<div class="wpspw-post-content">
									<div>
						UAV EYE tasarımı tamamlandı ve Açık alan çalışmaları başladı... Yakın zamanda yeni fotoğraf ve ölçüm sonuçları ile görücüye çıkacak.					</div>
					<a class="wpspw-readmorebtn" href="https://www.prfarge.com.tr/tr/uav-eye-kullanima-cikti/">Read More</a>
							</div>
			</div>
</div>
<div class="wpspw-post-grid wpspw-medium-4 wpspw-columns ">
	<div class="wpspw-post-grid-content  ">

					<div class="wpspw-post-image-bg">
				<a href="https://www.prfarge.com.tr/tr/ursi-turkiye-2018/">
					<img decoding="async" src="https://www.prfarge.com.tr/tr/wp-content/uploads/2019/05/IMG-20181126-WA0017.jpg" alt="URSI-Türkiye 2018" />
				</a>
			</div>
					<div class="wpspw-post-categories"><a href="https://www.prfarge.com.tr/tr/category/haberler/">Haberler</a></div>
		
		<h2 class="wpspw-post-title">
			<a href="https://www.prfarge.com.tr/tr/ursi-turkiye-2018/">URSI-Türkiye 2018</a>
		</h2>

					<div class="wpspw-post-date">
				21 Mayıs 2019			</div>
					<div class="wpspw-post-content">
									<div>
						Tarih: 6-8 Eylül 2018 KONGRE ADI: IX. URSI-TÜRKİYE 2018 BİLİMSEL KONGRESİ ULUSAL GENEL KURUL TOPLANTISI SUNUM İSİMLERİ: FMCX RADAR TEKNİĞİ...					</div>
					<a class="wpspw-readmorebtn" href="https://www.prfarge.com.tr/tr/ursi-turkiye-2018/">Read More</a>
							</div>
			</div>
</div>
<div class="wpspw-post-grid wpspw-medium-4 wpspw-columns ">
	<div class="wpspw-post-grid-content  ">

					<div class="wpspw-post-image-bg">
				<a href="https://www.prfarge.com.tr/tr/18-akdeniz-mikrodalga-sempozyumu/">
					<img decoding="async" src="https://www.prfarge.com.tr/tr/wp-content/uploads/2019/05/PHOTO-2018-10-31-17-05-16.jpg" alt="18. Akdeniz Mikrodalga Sempozyumu" />
				</a>
			</div>
					<div class="wpspw-post-categories"><a href="https://www.prfarge.com.tr/tr/category/haberler/">Haberler</a></div>
		
		<h2 class="wpspw-post-title">
			<a href="https://www.prfarge.com.tr/tr/18-akdeniz-mikrodalga-sempozyumu/">18. Akdeniz Mikrodalga Sempozyumu</a>
		</h2>

					<div class="wpspw-post-date">
				21 Mayıs 2019			</div>
					<div class="wpspw-post-content">
									<div>
						Tarihi: 31.10.2018 Konferans adı: The 18th Mediterranean Microwave Symposium Konferans adı türkçesi: 18. Akdeniz Mikrodalga Sempozyumu Sunumun adı: DESIGN AND...					</div>
					<a class="wpspw-readmorebtn" href="https://www.prfarge.com.tr/tr/18-akdeniz-mikrodalga-sempozyumu/">Read More</a>
							</div>
			</div>
</div>
					</div>
